rime factors of y.
2, 3, 5
Let x(z) = -z**3 + 3*z**2 + 3*z + 2. Let y be x(4). What are the prime factors of y/(2/(-8*1))?
2
Suppose r + 764 = 5*r + 4*q, -5*r - 3*q = -961. Let y = 273 - r. List the prime factors of y.
79
Let p(q) = 31*q**2 + 54*q + 7. List the prime factors of p(9).
2, 751
Suppose -2*g = -4*k + 6, 0 = -0*k - 5*k + 3*g + 10. List the prime factors of -3 - k - -1*32.
2, 3, 5
Suppose -1113 - 888 = -3*y. Suppose 9*x - 242 = y. List the prime factors of x.
101
Suppose 2*l = 6*l + n + 65, 5*l + n = -80. Let s be -2*2*(4 + l). Suppose 3*f = 4*z - z + 66, z = -2*f + s. List the prime factors of f.
2, 11
Let w = 3 - 5. Let n(b) = 3 - 17*b + 54*b + 11*b**2 - 37*b. What are the prime factors of n(w)?
47
Suppose l + 5*r + 425 = 5*l, -3*l - r + 314 = 0. What are the prime factors of 6/8 - l/(-4)?
3
Let t(k) be the first derivative of 3*k**2/2 + k + 4. Let v be t(1). Suppose j - 4*q = 13, -4*q + 47 = v*j - 65. What are the prime factors of j?
5
Let n(j) = -687*j - 16. List the prime factors of n(-3).
5, 409
List the prime factors of -1*635170/(-120) - (-3)/(-36).
67, 79
Let j = -78 - -77. What are the prime factors of (163/(-4))/((-6)/(-24)*j)?
163
Let n = -537 + 928. What are the prime factors of n?
17, 23
Suppose -70*p = -72*p + 8640. List the prime factors of p.
2, 3, 5
Let u(z) = 3*z**2 + 1. Let a be u(-1). Suppose 0 = -a*g + 83 + 81. Suppose 0 = -n + 2*n - g. List the prime factors of n.
41
Let i(u) = 93*u - 100. List the prime factors of i(7).
19, 29
Let z be 1/(-1) + (-6)/(-1). List the prime factors of z/(-20) + (-226)/(-8).
2, 7
Let w(x) = -2*x**2 + 2*x**2 - 4*x**2 - 11*x - x**2 + 6. Let b be w(4). Let r = b - -171. List the prime factors of r.
53
Let a = 195 - 204. Suppose 4*m - 205 = -m. Let o = a + m. List the prime factors of o.
2
Let w = -38 - -32. Let g be (-24)/(-9)*(-9)/w. What are the prime factors of 0 - ((4 - g) + -4)?
2
Suppose 515 - 53 = 7*o. What are the prime factors of o?
2, 3, 11
Suppose u + 1786 = 2*s, 3*s - 931 = -5*u + 1735. What are the prime factors of s?
2, 223
Let u(q) be the third derivative of -q**5/60 + 5*q**4/24 + 7*q**3/3 - q**2. Let m be u(7). Suppose m = -3*l + 5*l - 92. List the prime factors of l.
2, 23
Suppose -50*h + 40145 = -84855. What are the prime factors of h?
2, 5
Suppose -5*o + 0 = -4*h + 1, 0 = -o - 4*h + 19. Suppose 0 = -5*i - 2*j + 3*j + 328, -o*j + 316 = 5*i. What are the prime factors of i?
5, 13
Suppose -5*o - 3*k = -6*k - 27, 0 = -2*o + 4*k + 22. Suppose -q = o*z - 45, 5*q - 4*z - 75 - 55 = 0. Suppose 3*u + q = 4*u. List the prime factors of u.
2, 3, 5
List the prime factors of (1 - 2)/(((-90)/44784)/5).
2, 311
Let o = 19 + -16. Suppose o*b - 7*b + 20 = 0. Suppose b*m - 2*a = 157, -5*a - 13 = m - 2*m. What are the prime factors of m?
3, 11
Let t be -49 + (6 - 3) + 1. Let f be (-2)/(5*(-6)/t). What are the prime factors of 36 - 0/1 - f?
3, 13
Suppose 0 = -38*p + 35*p + 4656. List the prime factors of p.
2, 97
Let j be -2 + -1 - 12/(-3). Suppose -c = -t + c + j, -t = 2*c - 5. Suppose -3*m - 2*z + 26 = 3*z, -t*m + 44 = -4*z. List the prime factors of m.
2, 3
Let f(g) = -2*g**3 - 6*g**2 - 3*g - 1. Let z be f(-5). Suppose 3*s - 78 - z = 0. What are the prime factors of s?
2
Let b be 34/(-255) - 3/((-90)/(-8906)). Let v = 441 + b. What are the prime factors of v?
2, 3
Let f be 6/4*(-4)/(-6). List the prime factors of 3/(-1) - (f + -2)*6.
3
What are the prime factors of -1 + -4 + 1 - 198/(-2)?
5, 19
Let w(v) = 98*v + 27. List the prime factors of w(5).
11, 47
Let t be 175/(-50)*(-16)/14. Suppose t*h - 680 = -0*h. What are the prime factors of h?
2, 5, 17
Suppose 4 = -4*d + 6*d. Suppose d*q - 3*t + 26 = 72, -5*q + 3*t = -115. List the prime factors of q.
23
Suppose -2*j = -4*i + 2670, 4*j - 356 = -3*i + 1619. List the prime factors of i.
5, 7, 19
Suppose 0 = q + 2, -x + 5*x - 5*q + 14 = 0. List the prime factors of x/(5 - 855/170).
2, 3, 17
Suppose 2*h = -h + 9. Suppose -8*p = -h*p - 235. List the prime factors of p.
47
Let f(q) be the first derivative of q**4/4 + q**3/3 - q**2 + 3. List the prime factors of f(2).
2
Suppose 0 = 5*s - 2*r - 9 - 7, -13 = -5*s + r. Let v(g) = -g - 3*g - 2*g + s*g**2 - 4*g + 9. List the prime factors of v(6).
3, 7
Let l(h) = h**3 - h**2 - 4*h + 3. Let o be l(4). Suppose o - 190 = -5*s. What are the prime factors of s?
31
Let r = -46 - -50. Suppose -3*o + 11 + 112 = r*j, j = -3. What are the prime factors of o?
3, 5
Suppose 3*z - 8*z - 20 = 0. List the prime factors of (-1323)/(-15) - z/(-20).
2, 11
Let g = -2879 + 4592. What are the prime factors of g?
3, 571
Let n = -109 + 203. What are the prime factors of n?
2, 47
Suppose d + 0*q - 33 = 4*q, -5*q - 78 = -3*d. Suppose -d*s + 20*s + 117 = 0. What are the prime factors of s?
3, 13
Suppose 3*r + 0 = -k + 27, k = 3. Suppose -y - r = -10. Suppose 0*t + 4*t = y*l - 40, -11 = -l - t. What are the prime factors of l?
2, 7
Let f = -6682 - -9712. What are the prime factors of f?
2, 3, 5, 101
List the prime factors of ((-64)/12)/(2 + (-340)/165).
2, 11
Let n(z) = -z**2 - 18*z - 8. Let o be n(-16). Let c = o + -9. Suppose 4 = 3*u + 4*x, 0*x - 3*x - c = 0. What are the prime factors of u?
2
What are the prime factors of (-4292)/(-24) + 3/18?
179
Let z(w) = 21*w**2 - 5*w - 5. What are the prime factors of z(3)?
13
Let f(v) = v**2 + 8*v + 4. Let q be f(-8). Let z(o) = -o + 9. What are the prime factors of z(q)?
5
Let v(h) be the third derivative of -23*h**4/12 + h**3/3 + 2*h**2. Suppose -41 + 37 = 4*s. List the prime factors of v(s).
2, 3
Let i(k) = k**3 - 6*k**2 + 2*k - 3. Let x be i(6). Suppose -3*s + 3 = -x. Let h = s - 2. What are the prime factors of h?
2
Suppose 102 = -4*c + r, -5*r - 140 = -c + 6*c. Let y = c + 17. Let g(z) = -z**3 - 8*z**2 + 4*z - 11. List the prime factors of g(y).
2, 17
Suppose 5*r - 2727 = -3*g + 1548, -5*r + g + 4255 = 0. What are the prime factors of r?
2, 3, 71
Let q(z) = -2*z**3 + 21*z**2 + 70*z + 2. List the prime factors of q(12).
2, 5, 41
Let k(b) = 2*b - 38. Let x be k(16). Let j = x - -44. List the prime factors of j.
2, 19
Suppose -2*n = k + 4*k + 32, 48 = -3*n + k. Let w = n - -18. Suppose -2*f + 4 = -w*v + 130, -v = 4*f - 58. What are the prime factors of v?
2, 31
Let g = 674 - 594. Let x = 1 - -1. Suppose x*j - g = -2*j. List the prime factors of j.
2, 5
Let z(h) = 4*h**2 + 33*h - 76. List the prime factors of z(11).
3, 257
Let i(w) = 4*w + 109. List the prime factors of i(-5).
89
Suppose -8*n + 4*n = -260. Let l = 354 - 244. Let t = l - n. What are the prime factors of t?
3, 5
Let j(n) = 396*n - 153. What are the prime factors of j(4)?
3, 53
Suppose -2*c + 4*c = 10. Suppose -h = -2*h + c. Let r(b) = b**3 - 5*b**2 + 6*b + 2. List the prime factors of r(h).
2
Suppose -30*l = -5571 - 24189. List the prime factors of l.
2, 31
What are the prime factors of ((-24)/14)/(-5 - (-5770)/1155)?
2, 3, 11
Let n(v) = v**3 - 9*v**2 - 7*v - 6. Let h be n(10). Suppose -26*k - 4 = -h*k. List the prime factors of (169/26)/((-1)/k).
13
Suppose -4*z + 4*w = -12648, -40*w + 15803 = 5*z - 38*w. List the prime factors of z.
29, 109
Suppose -8 + 2 = -3*t. Let r = t - 16. List the prime factors of ((-7)/r)/((-1)/(-32)).
2
Suppose 902*w - 903*w + 2932 = 0. What are the prime factors of w?
2, 733
Suppose -3*k + 5*l + 17030 = 2*k, -3*k - 5*l + 10234 = 0. Suppose 12*j - k = -12*j. What are the prime factors of j?
2, 71
Let f(c) = 43*c + 656. List the prime factors of f(30).
2, 7, 139
Suppose 4*a - 13772 = -4*o, -24*o = 2*a - 19*o - 6892. List the prime factors of a.
3, 31, 37
Suppose 0 = 70*g - 69*g - 426. Suppose 5*k + 535 = 5*u, -2*u - 2*u = -2*k - g. List the prime factors of u.
2, 53
Suppose 0 = -3*f - 15, -4*i - 4*f = i - 15. List the prime factors of i.
7
Let a = 190 + -99. Suppose -3*h = 4*i - 101, -2*h + a + 7 = 4*i. List the prime factors of i.
23
Let k(w) = 43*w + 281. What are the prime factors of k(14)?
883
Let n = 2 + 4. Suppose 0 = n*b - 5*b - 103. Suppose -4*k - b + 299 = 0. List the prime factors of k.
7
Let k be (-3)/1 + 10 + -1. Let v be (-4)/k + (-278)/(-3). Suppose b = -3*b + v. List the prime factors of b.
23
Suppose 5*h + 0*h - 20 = 0. Suppose 5*a + 5*o + 44 = 154, 5*o + 115 = h*a. Let c = a + -8. List the prime factors of c.
17
Suppose -7 = -4*z + 3*z. Let s = z - -1. Suppose -s + 5 = 